{"id":56,"date":"2023-02-23T17:03:54","date_gmt":"2023-02-23T16:03:54","guid":{"rendered":"http:\/\/assedep.fr\/?page_id=56"},"modified":"2026-02-12T11:00:32","modified_gmt":"2026-02-12T10:00:32","slug":"contacts","status":"publish","type":"page","link":"https:\/\/assedep.fr\/?page_id=56","title":{"rendered":"Contacts"},"content":{"rendered":"\n<p><strong><a href=\"mailto:amonti01@univ-lr.fr\">info@assedep.fr<\/a><\/strong><\/p>\n\n\n\n<p><strong>Christelle Lemoulant<\/strong>, Pr\u00e9sidente &#8211; IUT Villetaneuse<\/p>\n\n\n\n<p><strong>Caroline Peyratout,<\/strong> Vice Pr\u00e9sidente- IUT Lyon1<\/p>\n\n\n\n<p><strong>Martine Slowinski<\/strong>, Secr\u00e9taire- IUT Lille 1<\/p>\n\n\n\n<p><strong>Nezha Zeryouh<\/strong>, Tr\u00e9sori\u00e8re- IUT Roanne<\/p>\n\n\n\n<p><strong>Jocelyne Borelva, <\/strong>membre IUT Villetaneuse<\/p>\n\n\n\n<p><strong>Adelaide Montier<\/strong>, Webmestre, Membre- La Rochelle<\/p>\n\n\n\n<p><strong>Annick Jouanguy<\/strong>, membre d\u2019honneur et co-fondatrice &#8211; Rouen<\/p>\n\n\n\n<p><strong>Edith Parazols<\/strong>, membre d\u2019honneur et fondatrice &#8211; Perpignan<\/p>\n\n\n\n<p><\/p>\n\n\n\n<p><\/p>\n\n\n\n<p><br> <\/p>\n\n\n\n<figure class=\"wp-block-image size-large is-resized\"><img loading=\"lazy\" decoding=\"async\" width=\"1024\" height=\"657\" src=\"https:\/\/assedep.fr\/wp-content\/uploads\/2019\/01\/cropped-Logo-1024x657.png\" alt=\"\" class=\"wp-image-26\" style=\"width:180px;height:115px\" srcset=\"https:\/\/assedep.fr\/wp-content\/uploads\/2019\/01\/cropped-Logo-1024x657.png 1024w, https:\/\/assedep.fr\/wp-content\/uploads\/2019\/01\/cropped-Logo-300x193.png 300w, https:\/\/assedep.fr\/wp-content\/uploads\/2019\/01\/cropped-Logo-768x493.png 768w, https:\/\/assedep.fr\/wp-content\/uploads\/2019\/01\/cropped-Logo.png 1181w\" sizes=\"auto, (max-width: 1024px) 100vw, 1024px\" \/><\/figure>\n","protected":false},"excerpt":{"rendered":"<p>info@assedep.fr Christelle Lemoulant, Pr\u00e9sidente &#8211; IUT Villetaneuse Caroline Peyratout, Vice Pr\u00e9sidente- IUT Lyon1 Martine Slowinski, Secr\u00e9taire- IUT Lille 1 Nezha Zeryouh, Tr\u00e9sori\u00e8re- IUT Roanne Jocelyne Borelva, membre IUT Villetaneuse Adelaide Montier, Webmestre, Membre- La Rochelle Annick Jouanguy, membre d\u2019honneur et co-fondatrice &#8211; Rouen Edith Parazols, membre d\u2019honneur et fondatrice &#8211; Perpignan<\/p>\n","protected":false},"author":81,"featured_media":0,"parent":0,"menu_order":0,"comment_status":"closed","ping_status":"closed","template":"","meta":{"footnotes":""},"class_list":["post-56","page","type-page","status-publish","hentry"],"_links":{"self":[{"href":"https:\/\/assedep.fr\/index.php?rest_route=\/wp\/v2\/pages\/56","targetHints":{"allow":["GET"]}}],"collection":[{"href":"https:\/\/assedep.fr\/index.php?rest_route=\/wp\/v2\/pages"}],"about":[{"href":"https:\/\/assedep.fr\/index.php?rest_route=\/wp\/v2\/types\/page"}],"author":[{"embeddable":true,"href":"https:\/\/assedep.fr\/index.php?rest_route=\/wp\/v2\/users\/81"}],"replies":[{"embeddable":true,"href":"https:\/\/assedep.fr\/index.php?rest_route=%2Fwp%2Fv2%2Fcomments&post=56"}],"version-history":[{"count":20,"href":"https:\/\/assedep.fr\/index.php?rest_route=\/wp\/v2\/pages\/56\/revisions"}],"predecessor-version":[{"id":5380,"href":"https:\/\/assedep.fr\/index.php?rest_route=\/wp\/v2\/pages\/56\/revisions\/5380"}],"wp:attachment":[{"href":"https:\/\/assedep.fr\/index.php?rest_route=%2Fwp%2Fv2%2Fmedia&parent=56"}],"curies":[{"name":"wp","href":"https:\/\/api.w.org\/{rel}","templated":true}]}}

<p><strong><a href="mailto:amonti01@univ-lr.fr">info@assedep.fr</a></strong></p>



<p><strong>Christelle Lemoulant</strong>, Présidente &#8211; IUT Villetaneuse</p>



<p><strong>Caroline Peyratout,</strong> Vice Présidente- IUT Lyon1</p>



<p><strong>Martine Slowinski</strong>, Secrétaire- IUT Lille 1</p>



<p><strong>Nezha Zeryouh</strong>, Trésorière- IUT Roanne</p>



<p><strong>Jocelyne Borelva, </strong>membre IUT Villetaneuse</p>



<p><strong>Adelaide Montier</strong>, Webmestre, Membre- La Rochelle</p>



<p><strong>Annick Jouanguy</strong>, membre d’honneur et co-fondatrice &#8211; Rouen</p>



<p><strong>Edith Parazols</strong>, membre d’honneur et fondatrice &#8211; Perpignan</p>



<p></p>



<p></p>



<p><br> </p>



<figure class="wp-block-image size-large is-resized"><img loading="lazy" decoding="async" width="1024" height="657" src="https://assedep.fr/wp-content/uploads/2019/01/cropped-Logo-1024x657.png" alt="" class="wp-image-26" style="width:180px;height:115px" srcset="https://assedep.fr/wp-content/uploads/2019/01/cropped-Logo-1024x657.png 1024w, https://assedep.fr/wp-content/uploads/2019/01/cropped-Logo-300x193.png 300w, https://assedep.fr/wp-content/uploads/2019/01/cropped-Logo-768x493.png 768w, https://assedep.fr/wp-content/uploads/2019/01/cropped-Logo.png 1181w" sizes="auto, (max-width: 1024px) 100vw, 1024px" /></figure>

<p>info@assedep.fr Christelle Lemoulant, Présidente &#8211; IUT Villetaneuse Caroline Peyratout, Vice Présidente- IUT Lyon1 Martine Slowinski, Secrétaire- IUT Lille 1 Nezha Zeryouh, Trésorière- IUT Roanne Jocelyne Borelva, membre IUT Villetaneuse Adelaide Montier, Webmestre, Membre- La Rochelle Annick Jouanguy, membre d’honneur et co-fondatrice &#8211; Rouen Edith Parazols, membre d’honneur et fondatrice &#8211; Perpignan</p>
