{"id":5238,"date":"2025-04-02T10:33:54","date_gmt":"2025-04-02T08:33:54","guid":{"rendered":"http:\/\/assedep.fr\/?page_id=5238"},"modified":"2026-01-08T11:03:17","modified_gmt":"2026-01-08T10:03:17","slug":"adhesion-annuelle","status":"publish","type":"page","link":"https:\/\/assedep.fr\/?page_id=5238","title":{"rendered":"Cotisation 2026 &#8211; ASSEMBL\u00c9E G\u00c9N\u00c9RALE NANCY"},"content":{"rendered":"\n<p>La cotisation pour 2026 est fix\u00e9e \u00e0 40 euros. Elle contribue au bon fonctionnement de l&rsquo;association et \u00e0 l&rsquo;organisation de l&rsquo;assembl\u00e9e g\u00e9n\u00e9rale annuelle des secr\u00e9taires des d\u00e9partements des IUT de France.<\/p>\n\n\n\n<p>Je pr\u00e9cise que l&rsquo;adh\u00e9sion minime de 40 euros reste individuelle&nbsp; (1 secr\u00e9taire = 1 cotisation) et non pas par d\u00e9partement ou par IUT. Elle est \u00e9galement nominative et ne peut pas \u00eatre c\u00e9d\u00e9e \u00e0 un-une coll\u00e8gue.<\/p>\n\n\n\n<p>La cotisation peut prendre la forme d&rsquo;un soutien \u00e0 l&rsquo;Association, des d\u00e9partements ou des IUT, sans participation \u00e0 l&rsquo;AG.<\/p>\n\n\n\n<p>La date et la ville de la prochaine AG vous seront communiqu\u00e9es d\u00e9but janvier 2026. <strong>Ne pourrons s&rsquo;inscrire \u00e0 l&rsquo;AG que les secr\u00e9taires \u00e0 jour de la cotisation \u00e0 l&rsquo;association.<\/strong><\/p>\n\n\n\n<p>Pour participer \u00e0 l&rsquo;AG, il faut \u00eatre en poste dans un d\u00e9partement et avoir en charge des BUT1, BUT2 et\/ou BUT3. Un-une secr\u00e9taire qui ne g\u00e8re que des licences, ne peut pas participer \u00e0 l&rsquo;AG.<\/p>\n\n\n\n<p>Devant le r\u00e9el int\u00e9r\u00eat que l&rsquo;association suscite aupr\u00e8s des secr\u00e9taires dans les services autres que les d\u00e9partements et des responsables dans les IUT,&nbsp; je rappelle que l&rsquo;association reste souveraine dans son organisation et son choix d&rsquo;adh\u00e9rent(e)s.<\/p>\n\n\n\n<p>Si un-une coll\u00e8gue secr\u00e9taire de d\u00e9partement souhaite adh\u00e9rer, elle\/il voudra bien m&rsquo;envoyer un mail de demande, afin que nous puissions g\u00e9rer son adh\u00e9sion.<\/p>\n\n\n\n<p>Le fichier actuel fait r\u00e9f\u00e9rence \u00e0 1048 secr\u00e9taires. Si malgr\u00e9 tout un\/une de vos coll\u00e8gue(s) a \u00e9t\u00e9 oubli\u00e9(e) ou si vous avez des adresses en doublon, n&rsquo;h\u00e9sitez \u00e0 me faire remonter l&rsquo;information.<\/p>\n\n\n\n<p>Au plaisir de se rencontrer \u00e0 la prochaine AG, je vous souhaite une bonne journ\u00e9e.<\/p>\n\n\n\n<p>Christelle Lemoulant<\/p>\n\n\n\n<p>Pr\u00e9sidente l\u2019Assedep<\/p>\n\n\n\n<div class=\"wp-block-file\"><a id=\"wp-block-file--media-98003f4e-8320-42a2-b644-7ed805b90b7e\" href=\"https:\/\/assedep.fr\/wp-content\/uploads\/2025\/11\/Coupon-appel-cotisation-2026-1.docx\">Coupon appel cotisation 2026-1<\/a><a href=\"https:\/\/assedep.fr\/wp-content\/uploads\/2025\/11\/Coupon-appel-cotisation-2026-1.docx\" class=\"wp-block-file__button wp-element-button\" download aria-describedby=\"wp-block-file--media-98003f4e-8320-42a2-b644-7ed805b90b7e\">T\u00e9l\u00e9charger<\/a><\/div>\n\n\n\n<h2 class=\"wp-block-heading\">Assembl\u00e9e G\u00e9n\u00e9rale de l&rsquo;ASSEDEP 2026<\/h2>\n\n\n\n<p>L&rsquo;Assembl\u00e9e G\u00e9n\u00e9rale 2026 se d\u00e9roulera \u00e0 Nancy le jeudi 21 et vendredi 22 Mai 2026.<\/p>\n\n\n<div class=\"wp-block-image\">\n<figure class=\"aligncenter size-large is-resized\"><img loading=\"lazy\" decoding=\"async\" width=\"683\" height=\"1024\" src=\"https:\/\/assedep.fr\/wp-content\/uploads\/2026\/01\/ChatGPT-Image-8-janv.-2026-10_57_16-683x1024.png\" alt=\"\" class=\"wp-image-5367\" style=\"width:516px;height:auto\" srcset=\"https:\/\/assedep.fr\/wp-content\/uploads\/2026\/01\/ChatGPT-Image-8-janv.-2026-10_57_16-683x1024.png 683w, https:\/\/assedep.fr\/wp-content\/uploads\/2026\/01\/ChatGPT-Image-8-janv.-2026-10_57_16-200x300.png 200w, https:\/\/assedep.fr\/wp-content\/uploads\/2026\/01\/ChatGPT-Image-8-janv.-2026-10_57_16-768x1152.png 768w, https:\/\/assedep.fr\/wp-content\/uploads\/2026\/01\/ChatGPT-Image-8-janv.-2026-10_57_16.png 1024w\" sizes=\"auto, (max-width: 683px) 100vw, 683px\" \/><\/figure><\/div>","protected":false},"excerpt":{"rendered":"<p>La cotisation pour 2026 est fix\u00e9e \u00e0 40 euros. Elle contribue au bon fonctionnement de l&rsquo;association et \u00e0 l&rsquo;organisation de l&rsquo;assembl\u00e9e g\u00e9n\u00e9rale annuelle des secr\u00e9taires des d\u00e9partements des IUT de France. Je pr\u00e9cise que l&rsquo;adh\u00e9sion minime de 40 euros reste individuelle&nbsp; (1 secr\u00e9taire = 1 cotisation) et non pas par d\u00e9partement ou par IUT. Elle [&hellip;]<\/p>\n","protected":false},"author":81,"featured_media":0,"parent":0,"menu_order":0,"comment_status":"closed","ping_status":"closed","template":"","meta":{"footnotes":""},"class_list":["post-5238","page","type-page","status-publish","hentry"],"_links":{"self":[{"href":"https:\/\/assedep.fr\/index.php?rest_route=\/wp\/v2\/pages\/5238","targetHints":{"allow":["GET"]}}],"collection":[{"href":"https:\/\/assedep.fr\/index.php?rest_route=\/wp\/v2\/pages"}],"about":[{"href":"https:\/\/assedep.fr\/index.php?rest_route=\/wp\/v2\/types\/page"}],"author":[{"embeddable":true,"href":"https:\/\/assedep.fr\/index.php?rest_route=\/wp\/v2\/users\/81"}],"replies":[{"embeddable":true,"href":"https:\/\/assedep.fr\/index.php?rest_route=%2Fwp%2Fv2%2Fcomments&post=5238"}],"version-history":[{"count":9,"href":"https:\/\/assedep.fr\/index.php?rest_route=\/wp\/v2\/pages\/5238\/revisions"}],"predecessor-version":[{"id":5369,"href":"https:\/\/assedep.fr\/index.php?rest_route=\/wp\/v2\/pages\/5238\/revisions\/5369"}],"wp:attachment":[{"href":"https:\/\/assedep.fr\/index.php?rest_route=%2Fwp%2Fv2%2Fmedia&parent=5238"}],"curies":[{"name":"wp","href":"https:\/\/api.w.org\/{rel}","templated":true}]}}

Cotisation 2026 &#8211; ASSEMBLÉE GÉNÉRALE NANCY

<p>La cotisation pour 2026 est fixée à 40 euros. Elle contribue au bon fonctionnement de l&rsquo;association et à l&rsquo;organisation de l&rsquo;assemblée générale annuelle des secrétaires des départements des IUT de France.</p>



<p>Je précise que l&rsquo;adhésion minime de 40 euros reste individuelle&nbsp; (1 secrétaire = 1 cotisation) et non pas par département ou par IUT. Elle est également nominative et ne peut pas être cédée à un-une collègue.</p>



<p>La cotisation peut prendre la forme d&rsquo;un soutien à l&rsquo;Association, des départements ou des IUT, sans participation à l&rsquo;AG.</p>



<p>La date et la ville de la prochaine AG vous seront communiquées début janvier 2026. <strong>Ne pourrons s&rsquo;inscrire à l&rsquo;AG que les secrétaires à jour de la cotisation à l&rsquo;association.</strong></p>



<p>Pour participer à l&rsquo;AG, il faut être en poste dans un département et avoir en charge des BUT1, BUT2 et/ou BUT3. Un-une secrétaire qui ne gère que des licences, ne peut pas participer à l&rsquo;AG.</p>



<p>Devant le réel intérêt que l&rsquo;association suscite auprès des secrétaires dans les services autres que les départements et des responsables dans les IUT,&nbsp; je rappelle que l&rsquo;association reste souveraine dans son organisation et son choix d&rsquo;adhérent(e)s.</p>



<p>Si un-une collègue secrétaire de département souhaite adhérer, elle/il voudra bien m&rsquo;envoyer un mail de demande, afin que nous puissions gérer son adhésion.</p>



<p>Le fichier actuel fait référence à 1048 secrétaires. Si malgré tout un/une de vos collègue(s) a été oublié(e) ou si vous avez des adresses en doublon, n&rsquo;hésitez à me faire remonter l&rsquo;information.</p>



<p>Au plaisir de se rencontrer à la prochaine AG, je vous souhaite une bonne journée.</p>



<p>Christelle Lemoulant</p>



<p>Présidente l’Assedep</p>



<div class="wp-block-file"><a id="wp-block-file--media-98003f4e-8320-42a2-b644-7ed805b90b7e" href="https://assedep.fr/wp-content/uploads/2025/11/Coupon-appel-cotisation-2026-1.docx">Coupon appel cotisation 2026-1</a><a href="https://assedep.fr/wp-content/uploads/2025/11/Coupon-appel-cotisation-2026-1.docx" class="wp-block-file__button wp-element-button" download aria-describedby="wp-block-file--media-98003f4e-8320-42a2-b644-7ed805b90b7e">Télécharger</a></div>



<h2 class="wp-block-heading">Assemblée Générale de l&rsquo;ASSEDEP 2026</h2>



<p>L&rsquo;Assemblée Générale 2026 se déroulera à Nancy le jeudi 21 et vendredi 22 Mai 2026.</p>


<div class="wp-block-image">
<figure class="aligncenter size-large is-resized"><img loading="lazy" decoding="async" width="683" height="1024" src="https://assedep.fr/wp-content/uploads/2026/01/ChatGPT-Image-8-janv.-2026-10_57_16-683x1024.png" alt="" class="wp-image-5367" style="width:516px;height:auto" srcset="https://assedep.fr/wp-content/uploads/2026/01/ChatGPT-Image-8-janv.-2026-10_57_16-683x1024.png 683w, https://assedep.fr/wp-content/uploads/2026/01/ChatGPT-Image-8-janv.-2026-10_57_16-200x300.png 200w, https://assedep.fr/wp-content/uploads/2026/01/ChatGPT-Image-8-janv.-2026-10_57_16-768x1152.png 768w, https://assedep.fr/wp-content/uploads/2026/01/ChatGPT-Image-8-janv.-2026-10_57_16.png 1024w" sizes="auto, (max-width: 683px) 100vw, 683px" /></figure></div>

<p>La cotisation pour 2026 est fixée à 40 euros. Elle contribue au bon fonctionnement de l&rsquo;association et à l&rsquo;organisation de l&rsquo;assemblée générale annuelle des secrétaires des départements des IUT de France. Je précise que l&rsquo;adhésion minime de 40 euros reste individuelle&nbsp; (1 secrétaire = 1 cotisation) et non pas par département ou par IUT. Elle [&hellip;]</p>
