{"id":5037,"date":"2024-04-15T19:38:07","date_gmt":"2024-04-15T17:38:07","guid":{"rendered":"http:\/\/assedep.fr\/?page_id=5037"},"modified":"2026-02-12T10:54:53","modified_gmt":"2026-02-12T09:54:53","slug":"informations-inscriptions","status":"publish","type":"page","link":"https:\/\/assedep.fr\/?page_id=5037","title":{"rendered":"Informations"},"content":{"rendered":"\n<p>Nous sommes \u00e0 la recherche de documents, photos, vid\u00e9os, pour enrichir notre site. Il nous manque quelques souvenirs de certaines assembl\u00e9es.<\/p>\n\n\n\n<p>Privil\u00e9giez si possible l&rsquo;envoi par Filesender de RENATER, si les documents sont lourds, vous pouvez nous les transmettre par mail \u00e0 <a href=\"mailto:amonti01@univ-lr.fr\">info@assedep.fr<\/a><\/p>\n\n\n\n<p><\/p>\n","protected":false},"excerpt":{"rendered":"<p>Nous sommes \u00e0 la recherche de documents, photos, vid\u00e9os, pour enrichir notre site. Il nous manque quelques souvenirs de certaines assembl\u00e9es. Privil\u00e9giez si possible l&rsquo;envoi par Filesender de RENATER, si les documents sont lourds, vous pouvez nous les transmettre par mail \u00e0 info@assedep.fr<\/p>\n","protected":false},"author":81,"featured_media":0,"parent":0,"menu_order":0,"comment_status":"closed","ping_status":"closed","template":"","meta":{"footnotes":""},"class_list":["post-5037","page","type-page","status-publish","hentry"],"_links":{"self":[{"href":"https:\/\/assedep.fr\/index.php?rest_route=\/wp\/v2\/pages\/5037","targetHints":{"allow":["GET"]}}],"collection":[{"href":"https:\/\/assedep.fr\/index.php?rest_route=\/wp\/v2\/pages"}],"about":[{"href":"https:\/\/assedep.fr\/index.php?rest_route=\/wp\/v2\/types\/page"}],"author":[{"embeddable":true,"href":"https:\/\/assedep.fr\/index.php?rest_route=\/wp\/v2\/users\/81"}],"replies":[{"embeddable":true,"href":"https:\/\/assedep.fr\/index.php?rest_route=%2Fwp%2Fv2%2Fcomments&post=5037"}],"version-history":[{"count":5,"href":"https:\/\/assedep.fr\/index.php?rest_route=\/wp\/v2\/pages\/5037\/revisions"}],"predecessor-version":[{"id":5379,"href":"https:\/\/assedep.fr\/index.php?rest_route=\/wp\/v2\/pages\/5037\/revisions\/5379"}],"wp:attachment":[{"href":"https:\/\/assedep.fr\/index.php?rest_route=%2Fwp%2Fv2%2Fmedia&parent=5037"}],"curies":[{"name":"wp","href":"https:\/\/api.w.org\/{rel}","templated":true}]}}